1 = 2*t - 3*v. Suppose r + 3*l - 5*l + 1 = 0, 2*r = 3*l. Suppose -3*j + t = r*j. List the prime factors of j.
2, 41
Let o(z) = -z**3 - 27*z**2. Let m be o(-27). Suppose -4*u = -3*p + 421, m = 5*p - 0*u + u - 671. List the prime factors of p.
3, 5
Let i = -14248 - -21977. What are the prime factors of i?
59, 131
Let b = -15 - -13. Let z be (222/4)/(39/(-24) - b). Let k = z + -102. What are the prime factors of k?
2, 23
Suppose -d = -3*w - 12158, -4*d - 3*w = -46998 - 1634. List the prime factors of d.
2, 6079
Suppose 4*m - 9*m - w + 50467 = 0, -5*w = 15. What are the prime factors of m?
2, 7, 103
Let w(z) = 3*z**2 - 4*z - 7. Let h(u) = -5*u**3 + 2*u**2 + 1. Let j be h(2). Let i = j + 36. What are the prime factors of w(i)?
2, 3
Let j = -74 - -314. Let c be (-343)/(-21)*(-6)/(-7). Suppose -10*z + c*z = j. List the prime factors of z.
2, 3, 5
Suppose 4*b - 20 = 0, d - 27919 - 7523 = 2*b. List the prime factors of d.
2, 8863
Let f(c) = -82*c - 55. Let y be f(-12). Suppose -3*a - 2*b + 651 = -y, -b - 535 = -a. What are the prime factors of a?
2, 5, 53
Let l(k) = -3*k**2 + 10*k - 37. Let b be l(2). Suppose -55 = c - 2*c. Let z = b + c. What are the prime factors of z?
2, 13
Let q = 381 - -149. Let d = 118 - q. Let n = -227 - d. List the prime factors of n.
5, 37
Let w = -13262 + 19773. List the prime factors of w.
17, 383
Let j = 1003 - 519. List the prime factors of j.
2, 11
Let p be 4/(-14)*1 - (-78)/(-21). Let j(x) = -2*x**2 + 14*x - 10. Let i(z) = -z**2 + z - 1. Let h(b) = 3*i(b) - j(b). List the prime factors of h(p).
5, 7
Let m(n) = -n**2 + n + 46. Let y be m(-6). Suppose -y*g + 732 = -4*q, -118 = -g - 3*q + 57. What are the prime factors of g?
181
Suppose 11 + 41 = 4*i. Suppose 14*j = -125 + i. What are the prime factors of ((-20)/(-3))/(j + 4432/552)?
2, 5, 23
What are the prime factors of (2 + -1 + 14)/((-186)/(-209002))?
5, 3371
Let n be (-2572)/(-8) + 9/6 + -1. Let w = n - 2. Suppose f - w = -3*f. List the prime factors of f.
2, 5
Let i = 13 + -8. Suppose 0 = j + j + 4*u, -i*u = j + 3. Suppose -16 = -j*q + 24. List the prime factors of q.
2, 5
Suppose 277 = 4*s - 27. Let a = s + 98. List the prime factors of a/4*(-8)/(-6).
2, 29
Let d(g) = 4*g**2 - 19*g + 10. Let y be d(4). List the prime factors of 27310/30 + (y - (-24)/9).
911
Let h = -79 + 70. Let l(m) = -m**2 - 13*m - 2. List the prime factors of l(h).
2, 17
Let u(t) = -t**3 + 144*t**2 + 438*t - 357. List the prime factors of u(145).
2, 2633
Let h(b) = -b**3 + 29*b**2 + 3*b - 20. List the prime factors of h(-13).
7039
Let f(n) = 55*n + 4 - 24*n - 28*n + 215*n**2. Suppose 2*k + 2*o - 3 = 5, 2*k - 3*o = -17. List the prime factors of f(k).
2, 3
Suppose 4*x = 3*l - 78, -5*x + 2 = -4*l + 105. Let u = 124 - l. What are the prime factors of u?
2, 3, 17
Let n = -1375 - 467. Let v = -736 - n. What are the prime factors of v?
2, 7, 79
Suppose 3*j = 12 + 12. Suppose -2*n - j = -3*o, 3*n - 1 = o - 3*o. Let u(s) = 31*s**2 - 4*s - 1. List the prime factors of u(o).
5, 23
Let t be 4/10 + (-1880)/(-50). Let q(b) = -b**3 + 42*b**2 - 117*b + 35. List the prime factors of q(t).
3, 5, 7, 13
Suppose 5*z - 50*c + 48*c - 231589 = 0, -2*z = -c - 92634. What are the prime factors of z?
11, 4211
What are the prime factors of 110/((56/(-3776))/(-7))?
2, 5, 11, 59
Let t = -32 + 27. Let v be (-4)/((20/(-8))/t). List the prime factors of (-3*(-26)/v)/((-3)/8).
2, 13
Let x = -10 + 7. Let j be 4/(8/14) + x. Suppose -j*c - 486 = -10*c. List the prime factors of c.
3
Let l(d) be the second derivative of 3*d**4/2 - 2*d**3/3 + 17*d**2 - 12*d - 2. List the prime factors of l(4).
2, 3, 17
Let j(m) = 4481*m - 848. What are the prime factors of j(2)?
2, 4057
Let w(t) = -t**3 + 5*t**2 + 3*t + 3. Let i be w(5). Let z = -16 + i. Suppose -5*q - 4*u + 191 = -442, 2*q - z*u - 264 = 0. What are the prime factors of q?
3, 43
Suppose 3*v + 210 = -3*t, -5*t = -0*v - 3*v - 178. Let r = v - -32. Let c = 19 - r. List the prime factors of c.
53
Let h = 29202 - 18653. What are the prime factors of h?
7, 11, 137
Let q(d) = 18103*d - 522. List the prime factors of q(1).
17581
Let x(w) = -w - 6. Let u be x(-8). Suppose 2*j - 5*v = 1492, 3*v = -u*j + v + 1492. List the prime factors of j.
2, 373
List the prime factors of (35/3)/(425/612510) + 5.
11, 139
List the prime factors of ((-490)/30 + -1)*(3708/(-8) + -3).
2, 13, 311
Let k = -21 + 36. Let r be 88 - 2 - -1*k/5. List the prime factors of (r - -2)*(3/1)/3.
7, 13
Suppose -61*f = -57*f - d - 17942, -8962 = -2*f - d. List the prime factors of f.
2, 19, 59
Let x = 1311 + 543. List the prime factors of x*(-22)/(-33) + (-1 - -1).
2, 3, 103
Let x(z) = 9*z + 56. Let m be x(-6). Suppose m*a + 4*h - 3376 = 0, 4*h = a - 742 - 952. List the prime factors of a.
2, 5, 13
Let y(i) = 18*i**2 + 3398*i - 16. What are the prime factors of y(14)?
2, 3, 11, 43
Let m = -138 + 200. Suppose 5*o - 3*w - m = 0, 25 = -5*o - 2*w + 92. Let x(z) = z**3 - 13*z**2 + 4*z - 10. What are the prime factors of x(o)?
2, 3, 7
Suppose -5*i = 3*i - 4*i - 33676. What are the prime factors of i?
8419
Let z = 1054 - 1836. Let h = 1102 + z. List the prime factors of h.
2, 5
Suppose 12*p = -0*p + 348. Suppose p*y = 2299 + 3936. What are the prime factors of y?
5, 43
Let f(g) = 112*g - 4*g**3 - 11*g**2 - 108*g + 3*g**3 + 18. Let x be f(-8). Let m = x + 325. List the prime factors of m.
7, 17
List the prime factors of (1 - (-98)/(-70)) + (-276144)/(-10).
2, 13807
List the prime factors of (-48)/64 - 133575/(-20).
2, 3, 7, 53
Let b = -78 - -93. Let v = b + 155. Let d = -125 + v. List the prime factors of d.
3, 5
Let o = 6818 - -1394. List the prime factors of o.
2, 2053
Suppose 4*u - 63444 = -4*t, -2*t + 4*t = -5*u + 79314. What are the prime factors of u?
2, 3, 661
Suppose -2*d - 4 = -3*i + 5, d = -5*i + 15. Suppose 257 = -2*u + i*u - 5*y, 3*u = -3*y + 681. List the prime factors of u.
2, 29
Let j = 22 - -59. Let k(q) = 2*q**2 - 5*q - 1. Let y be k(-5). Let p = j - y. List the prime factors of p.
7
Let g be -2*3/12*-10. Suppose g*l = 1260 - 25. List the prime factors of l.
13, 19
Suppose 49*p + 2508 = -4*p + 15*p. Suppose g + 137 = -88. Let w = p - g. List the prime factors of w.
3, 53
Let u = 69 + -36. Let i = 17 + u. Suppose -i*s + 48*s = -136. What are the prime factors of s?
2, 17
Suppose l + 49210 = -6*l. List the prime factors of 1/(-7) - l/14.
2, 251
Suppose 20 = 3*b + 26. Let r be 3790/30 + b*2/12. Let s = r + -85. What are the prime factors of s?
41
Suppose 0 = 2*o - 3*x - 6 - 1, 0 = -3*o + 3*x + 9. Let h(n) = 3 + 18*n + o*n**2 - 8 + 4*n - 9. List the prime factors of h(-13).
2, 19
Let o(a) = 14*a**2 - 1026*a - 279. List the prime factors of o(100).
7, 5303
What are the prime factors of (-8 + 3186/12)*(121 - 1)?
2, 3, 5, 103
Let g(n) = 6*n**2 + 3*n - 9. Let z be g(4). Let d = 481 + z. List the prime factors of d.
2, 5, 29
Let z = 99 - 94. What are the prime factors of (z - (-2697)/6)*(-2)/(-3)?
3, 101
Suppose 4*d + 5*f - 400 = 3*f, 5*f - 109 = -d. Let r be (-1 + 13/3)/(30/45). Suppose d = r*a - 2*a. What are the prime factors of a?
3, 11
Let i(f) = 3*f**3 - f**2 - 4*f - 2. Let d be i(-1). List the prime factors of (14/d + -8)*-51.
3, 5, 17
Suppose -3*u + 4*u + x - 2 = 0, 6 = 4*u + 3*x. Let q(h) = -h + 3. Let j be q(u). What are the prime factors of (65 - -1 - j) + 4?
67
Let i(o) = 114*o**2 + 2*o - 5. Let s be i(3). Suppose -s = -j - 2*j + 5*c, 0 = 2*j + c - 663. What are the prime factors of j?
2, 167
Let w(p) = -13*p**3 + 2*p + 1. Let l be w(-1). Suppose -25*i + l*i = -10907. List the prime factors of i.
839
List the prime factors of 0 + (-1)/(7/(-75068)).
2, 7, 383
Suppose -10*f = 19*f - 3915. Let x = 58 + f. List the prime factors of x.
193
Suppose 2*k + a + 57633 = 6*k, 72015 = 5*k + 4*a. What are the prime factors of k?
14407
Let f(h) = 3*h**2 + 20*h + 778. List the prime factors of f(-39).
4561
Suppose z - 3*d - 672 - 572 = 0, 6258 = 5*z + 4*d. Suppose 2*w - 256 = -h, 0*w = 5*h + 4*w - z. What are the prime factors of h?
2, 3, 41
Suppose -2*p + 1473 = 2*u - 9553, -u = 3*p - 16529. What are the prime factors of p?
2, 3, 17
Let x(p) = -p**3 - 7*p**2 + p + 21. Let o be x(-6). Let i(k) = -7*k + 1. Let b be i(1). List the prime factors of (-9 + 7 + 38/b)*o.
5, 7
Suppose -120 = -y - 70. Suppose w + y*p - 1816 = 49*p, -4*